- 17, -5*y = -5*l + z. Suppose 5*i - l - 6 = 0. List the prime factors of i.
2
Suppose 0 = -3*c - 3*c + 18. Suppose 0*a = -c*a + 138. What are the prime factors of a?
2, 23
Suppose -8*t + 9*t - 10844 = -2*s, 3*s - 16259 = -5*t. What are the prime factors of s?
11, 17, 29
Suppose -2029 - 1240 = -3*a - 5*v, -3*a + 3273 = 3*v. List the prime factors of a.
1093
Let x(l) = -l**2 - 8*l - 5. Let h be x(-7). Suppose h*c - 3*c = -4. List the prime factors of c.
2
Let d = 20 + -17. Suppose -d*g + 264 = 12. What are the prime factors of g?
2, 3, 7
Suppose 0 = 13*a - 1730 - 1286. List the prime factors of a.
2, 29
Let f = -1364 - -2114. List the prime factors of f.
2, 3, 5
Let q = -110 - -68. Let g be 245/4 + q/(-56). Suppose -15*r + g = -13*r. What are the prime factors of r?
31
Let a(p) = 12 - 4 + 7*p + 3*p - 5*p. Suppose -2*d - 2*t + 5 = -5, 4*t = -d + 8. What are the prime factors of a(d)?
2, 7
Let m = 47 - 23. Suppose -m - 26 = -z. List the prime factors of z.
2, 5
Let b(t) = 34*t - 116. List the prime factors of b(7).
2, 61
Let v(w) = 10*w**2 + 6*w + 19. What are the prime factors of v(-5)?
239
Let v(r) = 9*r**2 - 10*r - 21. Let y be 66/110 - 36/10. What are the prime factors of v(y)?
2, 3, 5
Suppose -5 = 2*w - 9, 5*l = w + 13778. List the prime factors of l.
2, 13, 53
Suppose -21*y + 10200 + 405 = 0. What are the prime factors of y?
5, 101
Let k = 56 + -46. Suppose -k*m + 108 = -8*m. What are the prime factors of m?
2, 3
Suppose -2*p - 2*p = 0. Let t be p*((-6)/(-9) + -1). Suppose -2*i = 4*n + 2*i - 132, t = n - 3*i - 17. What are the prime factors of n?
29
Let o = -1278 - -1953. List the prime factors of o.
3, 5
Let x(f) = 1. Let q(s) = s**2 + s + 1. Let g(t) = q(t) - x(t). Let b be g(-1). Suppose -14 = 4*n - 7*n - y, 4*y - 8 = b. What are the prime factors of n?
2
Let w = -16 - -26. Suppose -3*h + h + w = 0. Let k(q) = 11*q - 10. List the prime factors of k(h).
3, 5
Let o(j) = -j + 13. Let v be o(7). Let r(x) = -x**2 + 17*x - 16. Let q be r(11). Suppose 0 = -v*d + d + q. List the prime factors of d.
2, 5
Let z be 1/(-1)*(4 + 1). Let o(h) = h + 2. Let f(i) = i**3 + 5*i**2 - 3. Let u(d) = f(d) - 2*o(d). What are the prime factors of u(z)?
3
Let f = 6 + -21. Let v = -82 - -31. Let u = f - v. List the prime factors of u.
2, 3
Let v = 2415 - 834. What are the prime factors of v?
3, 17, 31
Let m(i) = i**2 - 12. Let w = 6 + -3. Suppose 2*n + w*n + 40 = 0. What are the prime factors of m(n)?
2, 13
Let a = 5 - 3. Suppose a*o + 3*c = 3*o - 8, -2*o - 2*c = -8. Suppose o*r + 0*r = 90. List the prime factors of r.
2, 3
Let n(b) = -6*b + 5 + 5*b - 3*b. Let s be n(3). Let t = s + 45. List the prime factors of t.
2, 19
Suppose 2*x + 9053 + 4187 = 4*u, -x - 3310 = -u. List the prime factors of u.
2, 5, 331
Let l = 150 + -50. Suppose -4*w + l + 112 = 0. What are the prime factors of w?
53
Let v(c) = -c**2 - 4*c - 4. Let j be v(-3). Let h be (9 - j)/(2/1). Suppose -h*t + 80 = -20. List the prime factors of t.
2, 5
Suppose 3*b = 2*j - 16, 4*j - 11 = -3. What are the prime factors of b/20 - 346/(-5)?
3, 23
Let x = 463 + -73. Suppose -w + 3*w - 650 = -5*s, -x = -3*s + 3*w. Suppose p - d - d = 26, 5*p - s = 3*d. What are the prime factors of p?
2, 13
Let j = 9720 + -6888. What are the prime factors of j?
2, 3, 59
Suppose x - 87142 = -33*x. What are the prime factors of x?
11, 233
Suppose 12*c - 9*c = 6. Suppose -2*l + 8 = -3*x, c*x = -l - 2*x - 7. Suppose 60 = 5*n + 3*j, -4*j + 9 = 2*n - l. What are the prime factors of n?
3, 5
Let u = -3966 + 5598. List the prime factors of u.
2, 3, 17
Suppose 4*x - 272 = 4*u, 8*u - 3*u - 15 = 0. Let z be 4 + -2 - (3 - (2 + 42)). Let c = x - z. List the prime factors of c.
2, 7
List the prime factors of (-3)/2*(-36980)/129.
2, 5, 43
Suppose -24 = -3*f - n + 3*n, 18 = 4*f + 2*n. Let m(k) = 5*k**2 - 8*k + 3. What are the prime factors of m(f)?
3, 5
Suppose 4*h - 424 = -2*c - 0*c, c - h - 215 = 0. Suppose 0 = 3*v + 28 - c. List the prime factors of v.
2, 31
Let j = -25 - -20. What are the prime factors of (-366)/j + 4/(-20)?
73
Let g = -1196 - -2131. List the prime factors of g.
5, 11, 17
Suppose -4*v - 40 = -4*j - 0*v, -2*v = 10. Suppose 4*g + 3 = j*g. What are the prime factors of g?
3
Let l(i) = -7*i - 69. What are the prime factors of l(-17)?
2, 5
Suppose 15*k - 20*k - 245 = 0. Let z = -27 - k. What are the prime factors of z?
2, 11
Let y = 14 + -12. Let k = y + 54. What are the prime factors of 16/k + (-435)/(-21)?
3, 7
Let i = 31 + -16. Let o(a) = -a**3 + 15*a**2 + 4*a + 11. List the prime factors of o(i).
71
Let a be (-48)/10 + (-80)/25 + 3. Let n(p) = -p**3 + 6*p - 4. List the prime factors of n(a).
7, 13
What are the prime factors of ((-53)/3)/((-24)/504)?
7, 53
List the prime factors of 4746/(-7)*(-44)/24.
11, 113
Let r = 710 + 720. List the prime factors of r.
2, 5, 11, 13
Let r = 1075 - 364. Suppose -3*k - 5*n = -834, -3*k - 2*n + 123 = -r. List the prime factors of k.
2, 139
Let p(a) = a**3 + 6*a**2 + a + 5. Suppose 2*x = -5*c + 46, -4*c + 4*x + x + 17 = 0. Suppose 0 = -2*d + d - n - 1, -2*n = -c. What are the prime factors of p(d)?
5
Suppose -187*n = -201*n + 42840. List the prime factors of n.
2, 3, 5, 17
Let o = -1 - -4. Suppose -4*l = -l + o. Let p = 6 - l. List the prime factors of p.
7
Suppose 5871 = 7*x - 548. What are the prime factors of x?
7, 131
Suppose 3*m + m = 4*p - 2624, -p - 4*m + 656 = 0. What are the prime factors of p?
2, 41
Let v(j) = j**3 + 20*j**2 - 16*j - 1. Let w be v(-20). Let o = w - 163. What are the prime factors of o?
2, 3, 13
Let p = 16 + -18. Let f be p/(-12) - 2358/(-108). Suppose 0 = 3*z + f - 109. List the prime factors of z.
29
Suppose -4*l + 62 = 3*w, 0*w - 126 = -5*w - l. Suppose 18*v = w*v - 904. What are the prime factors of v?
113
Suppose -2*y = -4*d - 332, -5*y = 3*d + 15 - 910. Let a be 12/30 - (-36)/10. Suppose -y - 40 = -a*k. What are the prime factors of k?
2, 3
Let y(c) = -c**2 - 4*c - 6. Let h be y(-2). List the prime factors of (1458/(-30) + h)*-5.
11, 23
Let v be -3*(5 - 5 - 49/(-3)). Let f = v - -71. List the prime factors of f.
2, 11
Suppose -5*p + 3*k = -8946, -3*k = 6*p - 2*p - 7173. List the prime factors of p.
3, 199
Suppose -11*q - 25*q = -32868. List the prime factors of q.
11, 83
Let v(r) = -146*r**3 + 5*r**2 + r + 2. What are the prime factors of v(-2)?
2, 3, 11
Suppose 0 = 4*r - 12, -4*c = -3*r - 290 - 413. What are the prime factors of c?
2, 89
What are the prime factors of (-6)/33 + 23566/22?
3, 7, 17
Suppose 2*m - 2*w + 0*w = -10, 2*m - 5*w = -25. Suppose 2*x = -5*b + 68, 3*b - 2*x + m*x - 44 = 0. What are the prime factors of b?
2, 7
Suppose -4*r = -3*c - 39, -5*r - 2*c + c + 44 = 0. Suppose -15*q + 3*j = -20*q + 253, 0 = 4*j + 16. Suppose -n - r = -q. What are the prime factors of n?
2, 11
List the prime factors of ((-126)/225)/((-2)/280)*5.
2, 7
Let s(j) = -2*j**2 - 7*j - 11. Let p be s(-3). What are the prime factors of 1254/15 + -1 - p/20?
83
Suppose 10*m = 6*m - 92. Let y = -21 - m. Suppose -2*z - 2*z = y*q - 188, -z + 25 = -5*q. What are the prime factors of z?
3, 5
Let r(a) = 16*a + 3. Suppose s - 2 + 3 = b, s - 14 = -2*b. Suppose 2*h - s*j + 4 = -0*h, -j = -h. List the prime factors of r(h).
5, 7
Let i(o) be the second derivative of -o**4/12 + o**3/3 - 4*o. Let a be i(1). What are the prime factors of (2 - 6) + a + 17?
2, 7
Let a(i) = -i**3 + 11*i**2 + 4*i + 24. Let y(u) = -2*u + 35. Let t be y(12). What are the prime factors of a(t)?
2, 17
Suppose 4*j + 5*z = 165, 2*z = -2*j - 3*z + 85. Let r(u) = -11*u + 70. Let w be r(6). Suppose -w*a = -j - 48. What are the prime factors of a?
2, 11
Let s be 1/(-3 + (-26)/(-8)). Suppose 0 = 2*t - 6, -3*h = s*t - 65 - 34. What are the prime factors of h?
29
Suppose 3*q - 10 = 2. Let v(z) = 20*z - 5. What are the prime factors of v(q)?
3, 5
Suppose -3*o + 4*v - 44 = 0, 2*o - 4*v = -3*o - 60. List the prime factors of 2191/17 - (o/68 + 0).
3, 43
Let n = -1175 - -4151. What are the prime factors of n?
2, 3, 31
Let a = 17 - 14. Suppose -a*l = -2*b - 388, l - 113 = 3*b + 14. Suppose 4*o + o - 182 = 4*u, l = 4*o + 2*u. What are the prime factors of o?
2, 17
Suppose -w + 6*r = 2*r - 18, -15 = 3*r. Let l be (-52)/(-14) + w/(-7). Suppose 0 = 5*v + 15, 6*v + 26 = k + l*v. List the prime factors of k.
2, 5
Let z be (-9 - -1